17 is divided by 915?
2
What is the remainder when 390 is divided by 81?
66
What is the remainder when 186 is divided by 47?
45
Calculate the remainder when 1207 is divided by 603.
1
Calculate the remainder when 19 is divided by 1.
0
Calculate the remainder when 169 is divided by 35.
29
Calculate the remainder when 4036 is divided by 72.
4
What is the remainder when 129 is divided by 26?
25
Calculate the remainder when 5744 is divided by 34.
32
Calculate the remainder when 178 is divided by 48.
34
What is the remainder when 285 is divided by 71?
1
Calculate the remainder when 242 is divided by 35.
32
Calculate the remainder when 21921 is divided by 21.
18
What is the remainder when 971 is divided by 45?
26
Calculate the remainder when 80 is divided by 9.
8
Calculate the remainder when 2139 is divided by 15.
9
Calculate the remainder when 521 is divided by 31.
25
What is the remainder when 218 is divided by 44?
42
Calculate the remainder when 947 is divided by 215.
87
What is the remainder when 1297 is divided by 59?
58
Calculate the remainder when 159 is divided by 48.
15
Calculate the remainder when 277 is divided by 17.
5
What is the remainder when 70 is divided by 33?
4
Calculate the remainder when 96 is divided by 29.
9
Calculate the remainder when 295 is divided by 63.
43
Calculate the remainder when 825 is divided by 164.
5
Calculate the remainder when 2781 is divided by 58.
55
What is the remainder when 232 is divided by 9?
7
Calculate the remainder when 84 is divided by 13.
6
What is the remainder when 564 is divided by 27?
24
What is the remainder when 233 is divided by 26?
25
What is the remainder when 270 is divided by 25?
20
Calculate the remainder when 128 is divided by 10.
8
What is the remainder when 2990 is divided by 91?
78
What is the remainder when 165 is divided by 13?
9
What is the remainder when 2344 is divided by 148?
124
What is the remainder when 252 is divided by 14?
0
Calculate the remainder when 193 is divided by 14.
11
What is the remainder when 133 is divided by 34?
31
What is the remainder when 6490 is divided by 6?
4
Calculate the remainder when 709 is divided by 89.
86
Calculate the remainder when 20 is divided by 17.
3
What is the remainder when 2381 is divided by 16?
13
What is the remainder when 176 is divided by 20?
16
Calculate the remainder when 1663 is divided by 829.
5
What is the remainder when 471 is divided by 231?
9
Calculate the remainder when 73 is divided by 25.
23
What is the remainder when 1520 is divided by 94?
16
Calculate the remainder when 33 is divided by 5.
3
Calculate the remainder when 345 is divided by 90.
75
Calculate the remainder when 29049 is divided by 12.
9
Calculate the remainder when 96 is divided by 16.
0
Calculate the remainder when 1523 is divided by 11.
5
What is the remainder when 208 is divided by 54?
46
What is the remainder when 807 is divided by 42?
9
What is the remainder when 33 is divided by 33?
0
Calculate the remainder when 160 is divided by 42.
34
What is the remainder when 278 is divided by 133?
12
Calculate the remainder when 1330 is divided by 43.
40
What is the remainder when 59 is divided by 24?
11
What is the remainder when 257 is divided by 13?
10
What is the remainder when 41 is divided by 9?
5
What is the remainder when 29949 is divided by 36?
33
What is the remainder when 3398 is divided by 1692?
14
What is the remainder when 453 is divided by 155?
143
What is the remainder when 3638 is divided by 65?
63
What is the remainder when 16576 is divided by 18?
16
Calculate the remainder when 297 is divided by 30.
27
Calculate the remainder when 4133 is divided by 21.
17
What is the remainder when 1190 is divided by 586?
18
Calculate the remainder when 642 is divided by 45.
12
What is the remainder when 851 is divided by 14?
11
What is the remainder when 2425 is divided by 30?
25
Calculate the remainder when 410 is divided by 26.
20
Calculate the remainder when 211 is divided by 72.
67
What is the remainder when 83 is divided by 53?
30
What is the remainder when 261 is divided by 44?
41
What is the remainder when 2336 is divided by 144?
32
Calculate the remainder when 113 is divided by 15.
8
Calculate the remainder when 3554 is divided by 254.
252
What is the remainder when 1752 is divided by 45?
42
What is the remainder when 107 is divided by 37?
33
What is the remainder when 664 is divided by 91?
27
What is the remainder when 283 is divided by 6?
1
Calculate the remainder when 1941 is divided by 277.
2
Calculate the remainder when 1763 is divided by 24.
11
What is the remainder when 176 is divided by 18?
14
Calculate the remainder when 351 is divided by 154.
43
What is the remainder when 2861 is divided by 931?
68
Calculate the remainder when 2447 is divided by 12.
11
What is the remainder when 2727 is divided by 13?
10
Calculate the remainder when 7237 is divided by 102.
97
Calculate the remainder when 157 is divided by 53.
51
Calculate the remainder when 77 is divided by 10.
7
What is the remainder when 114 is divided by 12?
6
What is the remainder when 533 is divided by 40?
13
Calculate the remainder when 49 is divided by 28.
21
What is the remainder when 18 is divided by 15?
3
What is the remainder when 989 is divided by 383?
223
Calculate the remainder when 94 is divided by 25.
19
Calculate the remainder when 4301 is divided by 23.
0
Calculate the remainder when 11370 is divided by 4.
2
Calculate the remainder when 767 is divided by 64.
63
What is the remainder when 446 is divided by 49?
5
What is the remainder when 1161 is divided by 1157?
4
Calculate the remainder when 275 is divided by 47.
40
Calculate the remainder when 203 is divided by 6.
5
Calculate the remainder when 50 is divided by 21.
8
What is the remainder when 2853 is divided by 472?
21
Calculate the remainder when 109 is divided by 45.
19
Calculate the remainder when 196 is divided by 22.
20
What is the remainder when 354 is divided by 175?
4
What is the remainder when 28 is divided by 6?
4
Calculate the remainder when 407 is divided by 82.
79
What is the remainder when 622 is divided by 25?
22
Calculate the remainder when 1614 is divided by 53.
24
Calculate the remainder when 317 is divided by 11.
9
Calculate the remainder when 427 is divided by 18.
13
What is the remainder when 359 is divided by 7?
2
What is the remainder when 214 is divided by 22?
16
What is the remainder when 28 is divided by 12?
4
What is the remainder when 195 is divided by 6?
3
What is the remainder when 1370 is divided by 32?
26
Calculate the remainder when 134 is divided by 89.
45
What is the remainder when 225 is divided by 13?
4
Calculate the remainder when 206 is divided by 9.
8
Calculate the remainder when 76 is divided by 16.
12
Calculate the remainder when 336 is divided by 97.
45
What is the remainder when 3093 is divided by 5?
3
Calculate the remainder when 151 is divided by 13.
8
What is the remainder when 117 is divided by 72?
45
What is the remainder when 849 is divided by 53?
1
What is the remainder when 663 is divided by 309?
45
Calculate the remainder when 59 is divided by 10.
9
Calculate the remainder when 75 is divided by 7.
5
What is the remainder when 111 is divided by 30?
21
What is the remainder when 7893 is divided by 84?
81
What is the remainder when 52323 is divided by 115?
113
Calculate the remainder when 87 is divided by 25.
12
What is the remainder when 2175 is divided by 198?
195
Calculate the remainder when 2343 is divided by 585.
3
Calculate the remainder when 32 is divided by 17.
15
What is the remainder when 104 is divided by 4?
0
What is the remainder when 207 is divided by 199?
8
Calculate the remainder when 2744 is divided by 124.
16
Calculate the remainder when 264 is divided by 10.
4
What is the remainder when 47 is divided by 31?
16
Calculate the remainder when 405 is divided by 106.
87
Calculate the remainder when 1078 is divided by 8.
6
Calculate the remainder when 163 is divided by 52.
7
Calculate the remainder when 448 is divided by 234.
214
Calculate the remainder when 609 is divided by 293.
23
What is the remainder when 1817 is divided by 54?
35
Calculate the remainder when 4897 is divided by 70.
67
What is the remainder when 849 is divided by 173?
157
Calculate the